{"id":62,"date":"2021-02-17T13:22:04","date_gmt":"2021-02-17T11:22:04","guid":{"rendered":"https:\/\/murtopallo.net\/tennis\/?page_id=62"},"modified":"2026-01-26T19:51:02","modified_gmt":"2026-01-26T17:51:02","slug":"australian-avoimet","status":"publish","type":"page","link":"https:\/\/murtopallo.net\/tennis\/australian-avoimet\/","title":{"rendered":"Australian avoimet 2026"},"content":{"rendered":"<p>Australian avoimet (Australian Open) on yksi tennisvuoden nelj\u00e4st\u00e4 Grand Slam -turnauksesta. <strong><a href=\"https:\/\/murtopallo.net\/tennis\/tag\/australian-avoimet\/\">Lue viimeisimm\u00e4t turnausuutiset t\u00e4st\u00e4<\/a><\/strong>.<!--more--><\/p>\n<p><strong>Vuonna 2026<\/strong> Australian avoimet pelataan 18. tammikuuta \u2013 1. helmikuuta. Karsinnat k\u00e4ynnistyiv\u00e4t 12. tammikuuta.<\/p>\n<p><a href=\"https:\/\/ausopen.com\/players\/finland\/otto-virtanen#!latest\" target=\"_blank\" rel=\"noopener\">Suomen Otto Virtanen<\/a> osallistui miesten kaksinpelin karsintoihin ja h\u00e4visi ensimm\u00e4isell\u00e4 kierroksella. Harri Heli\u00f6vaara ja Henry Patten <a href=\"https:\/\/murtopallo.net\/tennis\/2026\/01\/26\/heliovaara-putosi-australian-avoimista-2026\/\">eiv\u00e4t pystyneet puolustamaan<\/a> nelinpelimestaruuttaan.<\/p>\n<ul>\n<li><a href=\"https:\/\/ausopen.com\/draws#!mens-singles\" target=\"_blank\" rel=\"noopener\"><strong>Miesten kaksinpelin kaavio<\/strong><\/a><\/li>\n<li><a href=\"https:\/\/ausopen.com\/draws#!womens-singles\" target=\"_blank\" rel=\"noopener\"><strong>Naisten kaksinpelin kaavio<\/strong><\/a><\/li>\n<li><a href=\"https:\/\/ausopen.com\/results\" target=\"_blank\" rel=\"noopener\"><strong>Tulokset<\/strong><\/a><\/li>\n<li><a href=\"https:\/\/murtopallo.net\/tennis\/2023\/01\/11\/australian-avoimien-palkintorahat\/\"><strong>Australian avoimien palkintorahat<\/strong><\/a><\/li>\n<\/ul>\n<p>Australian avoimet pelataan kovapintaisilla kentill\u00e4 Melbournessa. Vuonna 2025 Australian avoimissa kaksinpeliturnaukset voittivat Jannik Sinner ja Madison Keys.<\/p>\n<p><iframe loading=\"lazy\" title=\"YouTube video player\" src=\"https:\/\/www.youtube.com\/embed\/b6YltPXTglk?si=kwq8HWDIobyM7X1j\" width=\"560\" height=\"315\" frameborder=\"0\" allowfullscreen=\"allowfullscreen\"><\/iframe><\/p>\n<p>Muut kolme tenniksen vuotuista Grand Slam -turnausta ovat <a href=\"http:\/\/www.rolandgarros.com\" target=\"_blank\" rel=\"noopener\">Ranskan avoimet<\/a>, <a href=\"http:\/\/www.wimbledon.com\" target=\"_blank\" rel=\"noopener\">Wimbledon<\/a> ja <a href=\"http:\/\/www.usopen.org\" target=\"_blank\" rel=\"noopener\">US Open<\/a>.<\/p>\n<p>Ensimm\u00e4iset Australian avoimet k\u00e4ytiin vuonna 1905, silloin viel\u00e4 Australaasian mestaruuskisoina. Melbournessa, Warehouseman&#8217;s Cricket Groundilla, pelattiin ruohokentill\u00e4.<\/p>\n<p>Turnausta on k\u00e4yty my\u00f6s Sydneyss\u00e4, Adelaidessa, Brisbanessa, Perthiss\u00e4 sek\u00e4 Uuden-Seelannin Christchurchissa ja Hastingsissa. <a href=\"https:\/\/www.visitmelbourne.com\/\" target=\"_blank\" rel=\"noopener\">Melbourne<\/a> vakiintui tapahtumapaikaksi vuonna 1972.<\/p>\n<p>Australian maantieteellisen sijainnin vuoksi monet huippupelaajat pit\u00e4ytyiv\u00e4t pitk\u00e4\u00e4n osallistumisesta Australian avoimiin. Turnauksen suosio alkoi kasvaa mittavasti 1980-luvun alkupuolella. Nykyisin se nauttii t\u00e4ysipainosta arvostusta yhten\u00e4 Grand Slam -turnauksista.<\/p>\n<p>Vuonna 1988 Australian avoimet siirtyiv\u00e4t Melbourne Parkiin. Ruohokent\u00e4t vaihtuivat koviin kenttiin.<\/p>\n<p>Tenniksen ns. avoimella aikakaudella (alkaen 1968) eniten kaksinpelimestaruuksia on Novak Djokovicilla (10) ja <a href=\"https:\/\/murtopallo.net\/tennis\/tag\/serena-williams\/\">Serena Williamsilla<\/a> (7).<\/p>\n<p>Kaikkien aikojen mestaruusenn\u00e4tys on Margaret Courtilla, joka voitti Australian avoimien kaksinpeliturnauksen 11 kertaa. H\u00e4nen titteleist\u00e4\u00e4n seitsem\u00e4n ensimm\u00e4ist\u00e4 tulivat ennen avoimen aikakauden alkamista.<\/p>\n<p><a href=\"https:\/\/murtopallo.net\/tennis\/2021\/03\/31\/jarkko-nieminen-tennis\/\">Suomen kaikkien aikojen tennispelaaja Jarkko Nieminen<\/a> esiintyi Australian avoimissa vuosien 2002 ja 2015 v\u00e4lill\u00e4. H\u00e4n eteni parhaimmillaan kahdeksan parhaan joukkoon (2008).<\/p>\n<p>Henri Kontinen ja John Peers voittivat Australian avoimien nelinpelimestaruuden vuonna 2017. Harri Heli\u00f6vaara ja Henry Patten seurasivat esimerkki\u00e4 vuonna 2025.<\/p>\n<p>Australian avoimien p\u00e4\u00e4kent\u00e4t ovat <a href=\"https:\/\/rodlaverarena.com.au\/\" target=\"_blank\" rel=\"noopener\">Rod Laver Arena<\/a>, John Cain Arena ja Margaret Court Arena.<\/p>\n<ul>\n<li><a href=\"http:\/\/www.ausopen.com\" target=\"_blank\" rel=\"noopener\"><strong>Australian avoimien viralliset verkkosivut<\/strong><\/a><\/li>\n<\/ul>\n","protected":false},"excerpt":{"rendered":"<p>Australian avoimet (Australian Open) on yksi tennisvuoden nelj\u00e4st\u00e4 Grand Slam -turnauksesta. Lue viimeisimm\u00e4t turnausuutiset t\u00e4st\u00e4.<\/p>\n","protected":false},"author":1,"featured_media":45,"parent":0,"menu_order":0,"comment_status":"closed","ping_status":"closed","template":"","meta":{"nf_dc_page":"","twitterCardType":"","cardImageID":0,"cardImage":"","cardTitle":"","cardDesc":"","cardImageAlt":"","cardPlayer":"","cardPlayerWidth":0,"cardPlayerHeight":0,"cardPlayerStream":"","cardPlayerCodec":"","footnotes":""},"class_list":["post-62","page","type-page","status-publish","has-post-thumbnail","hentry"],"_links":{"self":[{"href":"https:\/\/murtopallo.net\/tennis\/wp-json\/wp\/v2\/pages\/62","targetHints":{"allow":["GET"]}}],"collection":[{"href":"https:\/\/murtopallo.net\/tennis\/wp-json\/wp\/v2\/pages"}],"about":[{"href":"https:\/\/murtopallo.net\/tennis\/wp-json\/wp\/v2\/types\/page"}],"author":[{"embeddable":true,"href":"https:\/\/murtopallo.net\/tennis\/wp-json\/wp\/v2\/users\/1"}],"replies":[{"embeddable":true,"href":"https:\/\/murtopallo.net\/tennis\/wp-json\/wp\/v2\/comments?post=62"}],"version-history":[{"count":5,"href":"https:\/\/murtopallo.net\/tennis\/wp-json\/wp\/v2\/pages\/62\/revisions"}],"predecessor-version":[{"id":3485,"href":"https:\/\/murtopallo.net\/tennis\/wp-json\/wp\/v2\/pages\/62\/revisions\/3485"}],"wp:featuredmedia":[{"embeddable":true,"href":"https:\/\/murtopallo.net\/tennis\/wp-json\/wp\/v2\/media\/45"}],"wp:attachment":[{"href":"https:\/\/murtopallo.net\/tennis\/wp-json\/wp\/v2\/media?parent=62"}],"curies":[{"name":"wp","href":"https:\/\/api.w.org\/{rel}","templated":true}]}}